{"id":907,"date":"2021-09-10T05:55:46","date_gmt":"2021-09-10T05:55:46","guid":{"rendered":"https:\/\/runbikeimport.com\/?post_type=product&#038;p=907"},"modified":"2021-11-15T05:50:28","modified_gmt":"2021-11-15T05:50:28","slug":"amortisseur-ext-storia-lok-v3","status":"publish","type":"product","link":"https:\/\/runbikeimport.com\/?product=amortisseur-ext-storia-lok-v3","title":{"rendered":"Amortisseur  EXT STORIA LOK V3"},"content":{"rendered":"<h4 class=\"font_8\">Enti\u00e8rement pr\u00e9par\u00e9 \u00e0 l\u2019achat\u00a0pour\u00a0votre\u00a0style de pilotage, votre VTT et\u00a0votre gabarit, l&rsquo;amortisseur EXT STORIA\u00a0d\u00e9livre des performances bien au-del\u00e0 de ce que les autres marques haut de gamme sont capables de vous proposer.<\/h4>\n<h4 class=\"font_8\"><span class=\"wixGuard\">\u200b<\/span><\/h4>\n<h4 class=\"font_8\">Fabriqu\u00e9 en Italie et\u00a0pr\u00e9par\u00e9 pour vous en France, c&rsquo;est l&rsquo;amortisseur d&rsquo;Enduro et de\u00a0Trail\u00a0le plus abouti du march\u00e9.<\/h4>\n<h4 class=\"font_8\"><\/h4>\n<p class=\"font_8\"><span class=\"color_11\">\u200b<em>L&rsquo;amortisseur EXT STORIA est\u00a0\u00e9quip\u00e9 de :<\/em><\/span><\/p>\n<p class=\"font_8\"><strong><span class=\"color_11\">la technologie HBC\u00a0:<\/span><\/strong><\/p>\n<p class=\"font_8\"><span class=\"color_11\">D\u00e9velopp\u00e9e pour le WRC,\u00a0la technologie HBC\u00a0permet de r\u00e9gler s\u00e9par\u00e9ment la compression de fin de course de l&rsquo;amortisseur.<\/span><\/p>\n<p class=\"font_8\"><span class=\"wixGuard\">\u200b<\/span><\/p>\n<p class=\"font_8\"><strong><span class=\"color_11\">la t<\/span><span class=\"color_11\">echnologie LOK\u00a0:<\/span><\/strong><\/p>\n<p class=\"font_8\"><span class=\"color_11\">La technologie LOK vous offre un vrai blocage pour les longues mont\u00e9es. Pas juste quelques clics de compression basse vitesse. Vous monterez mieux que jamais. En cas d\u2019oubli, le LOK se remet automatiquement en position descente.\u00a0\u00a0<\/span><\/p>\n<p class=\"font_8\"><span class=\"color_11\"><span class=\"wixGuard\">\u200b<\/span><\/span>\u200b<\/p>\n<p class=\"font_8\"><strong><span class=\"color_11\">R\u00e9sultat\u00a0:<\/span><\/strong><\/p>\n<p class=\"font_8\"><span class=\"color_11\">&#8211; Tous\u00a0<\/span>les avantages des amortisseurs \u00e0 ressort : sensibilit\u00e9 hors du commun et frottements tr\u00e8s r\u00e9duits,<\/p>\n<p class=\"font_8\">&#8211; Mais sans aucun des inconv\u00e9nients : lin\u00e9arit\u00e9 et consommation excessive de d\u00e9battement, surtout pour les v\u00e9los avec des cin\u00e9matiques tr\u00e8s lin\u00e9aires.<\/p>\n<p class=\"font_8\"><span class=\"color_11\"><span class=\"wixGuard\">\u200b<\/span><\/span><\/p>\n<p class=\"font_8\"><span class=\"color_11\">Dans le d\u00e9tail :\u00a0<\/span><\/p>\n<ul class=\"font_8 color_11\">\n<li>\n<p class=\"font_8\"><span class=\"color_11\">Taille M\u00e9trique ou Imp\u00e9riale<\/span><\/p>\n<\/li>\n<li>\n<p class=\"font_8\"><span class=\"color_11\">Fixation Standard ou Trunnion<\/span><\/p>\n<\/li>\n<\/ul>\n<ul class=\"font_8 color_11\">\n<li>\n<p class=\"font_8\"><span class=\"color_11\">Ajustable sur 4 voies : Compression basse vitesse (LSC) &#8211; Compression Haute Vitesse (HSC) &#8211;\u00a0Rebond basse vitesse (LSR) et r\u00e9glage LOK<\/span><\/p>\n<\/li>\n<\/ul>\n<ul class=\"font_8 color_11\">\n<li>\n<p class=\"font_8\"><span class=\"color_11\">Circuits rebond et compression ind\u00e9pendants pour des r\u00e9glages fiables<\/span><\/p>\n<\/li>\n<\/ul>\n<ul class=\"font_8 color_11\">\n<li>\n<p class=\"font_8\"><span class=\"color_11\">Rev\u00eatement de surface ultra basse friction,\u00a0 joints tr\u00e8s basse friction pour un seuil de d\u00e9clenchement EXTr\u00e8mement\u00a0 bas<\/span><\/p>\n<\/li>\n<\/ul>\n<ul class=\"font_8 color_11\">\n<li>\n<p class=\"font_8\"><span class=\"color_11\">Pression du r\u00e9servoir IFP\u00a0 ultra-basse (55psi) pour am\u00e9liorer la sensibilit\u00e9<\/span><\/p>\n<\/li>\n<\/ul>\n<ul class=\"font_8 color_11\">\n<li>\n<p class=\"font_8\"><span class=\"color_11\">Pas de cavitation gr\u00e2ce \u00e0 notre technologie unique de circulation d\u2019huile<\/span><\/p>\n<\/li>\n<\/ul>\n<ul class=\"font_8 color_11\">\n<li>\n<p class=\"font_8\"><span class=\"color_11\">Piston et chambre d\u2019huile \u00e0 tr\u00e8s grands d\u00e9bits, pour une performance hydraulique optimale<\/span><\/p>\n<\/li>\n<\/ul>\n<ul class=\"font_8 color_11\">\n<li>\n<p class=\"font_8\"><span class=\"color_11\">Progressivit\u00e9 sur les 15% de fin de course pour \u00e9viter les talonnages<\/span><\/p>\n<\/li>\n<\/ul>\n<p class=\"font_8\"><span class=\"color_11\">Poids : 636 g en m\u00e9trique\u00a0standard\u00a0200x57mm avec ressort\u00a0375<\/span><\/p>\n<p>http:\/\/www.extremeshox.com\/product\/ext-storia-lok-v3-enduro-racing\/<\/p>\n<p class=\"font_8\"><span class=\"color_11\"><span class=\"wixGuard\">\u200b<\/span><\/span><\/p>\n","protected":false},"excerpt":{"rendered":"<ul>\n<li>230&#215;65 \/\/ 230x60mm \/\/ &amp;\u00a0 \u00a0210x55mm<\/li>\n<li>livr\u00e9 sans ressort<\/li>\n<li>Ressort en OPTION ( 99 euros acier super light )<\/li>\n<li>Plus l\u00e9ger qu&rsquo;un X2 FLOAT \u00e0 longueur \u00e9quivalente ( ressort y compris )!!!<\/li>\n<li>Fonctionnement &amp; Qualit\u00e9 exceptionnels<\/li>\n<li>But\u00e9e hydraulique \u00e9vitant les talonnages violent<\/li>\n<\/ul>\n","protected":false},"featured_media":915,"template":"","meta":[],"product_brand":[],"product_cat":[30,25],"product_tag":[],"class_list":{"0":"post-907","1":"product","2":"type-product","3":"status-publish","4":"has-post-thumbnail","6":"product_cat-amortisseur","7":"product_cat-en-stock","9":"first","10":"instock","11":"sale","12":"shipping-taxable","13":"purchasable","14":"product-type-simple"},"yoast_head":"<!-- This site is optimized with the Yoast SEO plugin v27.6 - https:\/\/yoast.com\/product\/yoast-seo-wordpress\/ -->\n<title>Amortisseur EXT STORIA LOK V3 - RunbikeImport<\/title>\n<meta name=\"robots\" content=\"index, follow, max-snippet:-1, max-image-preview:large, max-video-preview:-1\" \/>\n<link rel=\"canonical\" href=\"https:\/\/runbikeimport.com\/produit\/amortisseur-ext-storia-lok-v3\" \/>\n<meta property=\"og:locale\" content=\"fr_FR\" \/>\n<meta property=\"og:type\" content=\"article\" \/>\n<meta property=\"og:title\" content=\"Amortisseur EXT STORIA LOK V3 - RunbikeImport\" \/>\n<meta property=\"og:description\" content=\"230x65 \/\/ 230x60mm \/\/ &amp;\u00a0 \u00a0210x55mm  livr\u00e9 sans ressort  Ressort en OPTION ( 99 euros acier super light )  Plus l\u00e9ger qu&#039;un X2 FLOAT \u00e0 longueur \u00e9quivalente ( ressort y compris )!!!  Fonctionnement &amp; Qualit\u00e9 exceptionnels  But\u00e9e hydraulique \u00e9vitant les talonnages violent\" \/>\n<meta property=\"og:url\" content=\"https:\/\/runbikeimport.com\/produit\/amortisseur-ext-storia-lok-v3\" \/>\n<meta property=\"og:site_name\" content=\"RunbikeImport\" \/>\n<meta property=\"article:publisher\" content=\"https:\/\/www.facebook.com\/Runbikeimport\/\" \/>\n<meta property=\"article:modified_time\" content=\"2021-11-15T05:50:28+00:00\" \/>\n<meta property=\"og:image\" content=\"https:\/\/runbikeimport.com\/wp-content\/uploads\/EXT-Storia-LOK-V3-shock-01-d555e79.jpg\" \/>\n\t<meta property=\"og:image:width\" content=\"620\" \/>\n\t<meta property=\"og:image:height\" content=\"413\" \/>\n\t<meta property=\"og:image:type\" content=\"image\/jpeg\" \/>\n<meta name=\"twitter:card\" content=\"summary_large_image\" \/>\n<meta name=\"twitter:label1\" content=\"Dur\u00e9e de lecture estim\u00e9e\" \/>\n\t<meta name=\"twitter:data1\" content=\"2 minutes\" \/>\n<script type=\"application\/ld+json\" class=\"yoast-schema-graph\">{\"@context\":\"https:\\\/\\\/schema.org\",\"@graph\":[{\"@type\":\"WebPage\",\"@id\":\"https:\\\/\\\/runbikeimport.com\\\/produit\\\/amortisseur-ext-storia-lok-v3\",\"url\":\"https:\\\/\\\/runbikeimport.com\\\/produit\\\/amortisseur-ext-storia-lok-v3\",\"name\":\"Amortisseur EXT STORIA LOK V3 - RunbikeImport\",\"isPartOf\":{\"@id\":\"https:\\\/\\\/runbikeimport.com\\\/#website\"},\"primaryImageOfPage\":{\"@id\":\"https:\\\/\\\/runbikeimport.com\\\/produit\\\/amortisseur-ext-storia-lok-v3#primaryimage\"},\"image\":{\"@id\":\"https:\\\/\\\/runbikeimport.com\\\/produit\\\/amortisseur-ext-storia-lok-v3#primaryimage\"},\"thumbnailUrl\":\"https:\\\/\\\/runbikeimport.com\\\/wp-content\\\/uploads\\\/EXT-Storia-LOK-V3-shock-01-d555e79.jpg\",\"datePublished\":\"2021-09-10T05:55:46+00:00\",\"dateModified\":\"2021-11-15T05:50:28+00:00\",\"breadcrumb\":{\"@id\":\"https:\\\/\\\/runbikeimport.com\\\/produit\\\/amortisseur-ext-storia-lok-v3#breadcrumb\"},\"inLanguage\":\"fr-FR\",\"potentialAction\":[{\"@type\":\"ReadAction\",\"target\":[\"https:\\\/\\\/runbikeimport.com\\\/produit\\\/amortisseur-ext-storia-lok-v3\"]}]},{\"@type\":\"ImageObject\",\"inLanguage\":\"fr-FR\",\"@id\":\"https:\\\/\\\/runbikeimport.com\\\/produit\\\/amortisseur-ext-storia-lok-v3#primaryimage\",\"url\":\"https:\\\/\\\/runbikeimport.com\\\/wp-content\\\/uploads\\\/EXT-Storia-LOK-V3-shock-01-d555e79.jpg\",\"contentUrl\":\"https:\\\/\\\/runbikeimport.com\\\/wp-content\\\/uploads\\\/EXT-Storia-LOK-V3-shock-01-d555e79.jpg\",\"width\":620,\"height\":413,\"caption\":\"21.11.19. MBUK Windhill. PIC \u00a9 Andy Lloyd www.andylloyd.photography\"},{\"@type\":\"BreadcrumbList\",\"@id\":\"https:\\\/\\\/runbikeimport.com\\\/produit\\\/amortisseur-ext-storia-lok-v3#breadcrumb\",\"itemListElement\":[{\"@type\":\"ListItem\",\"position\":1,\"name\":\"Accueil\",\"item\":\"https:\\\/\\\/runbikeimport.com\\\/\"},{\"@type\":\"ListItem\",\"position\":2,\"name\":\"Boutique\",\"item\":\"https:\\\/\\\/runbikeimport.com\\\/?page_id=247\"},{\"@type\":\"ListItem\",\"position\":3,\"name\":\"Amortisseur EXT STORIA LOK V3\"}]},{\"@type\":\"WebSite\",\"@id\":\"https:\\\/\\\/runbikeimport.com\\\/#website\",\"url\":\"https:\\\/\\\/runbikeimport.com\\\/\",\"name\":\"RunbikeImport\",\"description\":\"Bike &amp; Suspensions\",\"publisher\":{\"@id\":\"https:\\\/\\\/runbikeimport.com\\\/#organization\"},\"potentialAction\":[{\"@type\":\"SearchAction\",\"target\":{\"@type\":\"EntryPoint\",\"urlTemplate\":\"https:\\\/\\\/runbikeimport.com\\\/?s={search_term_string}\"},\"query-input\":{\"@type\":\"PropertyValueSpecification\",\"valueRequired\":true,\"valueName\":\"search_term_string\"}}],\"inLanguage\":\"fr-FR\"},{\"@type\":\"Organization\",\"@id\":\"https:\\\/\\\/runbikeimport.com\\\/#organization\",\"name\":\"RunBikeiMport\",\"url\":\"https:\\\/\\\/runbikeimport.com\\\/\",\"logo\":{\"@type\":\"ImageObject\",\"inLanguage\":\"fr-FR\",\"@id\":\"https:\\\/\\\/runbikeimport.com\\\/#\\\/schema\\\/logo\\\/image\\\/\",\"url\":\"https:\\\/\\\/runbikeimport.com\\\/wp-content\\\/uploads\\\/LOGO-RBI-RUN-BIKE-IMPORT300.jpg\",\"contentUrl\":\"https:\\\/\\\/runbikeimport.com\\\/wp-content\\\/uploads\\\/LOGO-RBI-RUN-BIKE-IMPORT300.jpg\",\"width\":300,\"height\":131,\"caption\":\"RunBikeiMport\"},\"image\":{\"@id\":\"https:\\\/\\\/runbikeimport.com\\\/#\\\/schema\\\/logo\\\/image\\\/\"},\"sameAs\":[\"https:\\\/\\\/www.facebook.com\\\/Runbikeimport\\\/\",\"https:\\\/\\\/www.instagram.com\\\/runbikeimport\\\/\"]}]}<\/script>\n<!-- \/ Yoast SEO plugin. -->","yoast_head_json":{"title":"Amortisseur EXT STORIA LOK V3 - RunbikeImport","robots":{"index":"index","follow":"follow","max-snippet":"max-snippet:-1","max-image-preview":"max-image-preview:large","max-video-preview":"max-video-preview:-1"},"canonical":"https:\/\/runbikeimport.com\/produit\/amortisseur-ext-storia-lok-v3","og_locale":"fr_FR","og_type":"article","og_title":"Amortisseur EXT STORIA LOK V3 - RunbikeImport","og_description":"230x65 \/\/ 230x60mm \/\/ &amp;\u00a0 \u00a0210x55mm  livr\u00e9 sans ressort  Ressort en OPTION ( 99 euros acier super light )  Plus l\u00e9ger qu'un X2 FLOAT \u00e0 longueur \u00e9quivalente ( ressort y compris )!!!  Fonctionnement &amp; Qualit\u00e9 exceptionnels  But\u00e9e hydraulique \u00e9vitant les talonnages violent","og_url":"https:\/\/runbikeimport.com\/produit\/amortisseur-ext-storia-lok-v3","og_site_name":"RunbikeImport","article_publisher":"https:\/\/www.facebook.com\/Runbikeimport\/","article_modified_time":"2021-11-15T05:50:28+00:00","og_image":[{"width":620,"height":413,"url":"https:\/\/runbikeimport.com\/wp-content\/uploads\/EXT-Storia-LOK-V3-shock-01-d555e79.jpg","type":"image\/jpeg"}],"twitter_card":"summary_large_image","twitter_misc":{"Dur\u00e9e de lecture estim\u00e9e":"2 minutes"},"schema":{"@context":"https:\/\/schema.org","@graph":[{"@type":"WebPage","@id":"https:\/\/runbikeimport.com\/produit\/amortisseur-ext-storia-lok-v3","url":"https:\/\/runbikeimport.com\/produit\/amortisseur-ext-storia-lok-v3","name":"Amortisseur EXT STORIA LOK V3 - RunbikeImport","isPartOf":{"@id":"https:\/\/runbikeimport.com\/#website"},"primaryImageOfPage":{"@id":"https:\/\/runbikeimport.com\/produit\/amortisseur-ext-storia-lok-v3#primaryimage"},"image":{"@id":"https:\/\/runbikeimport.com\/produit\/amortisseur-ext-storia-lok-v3#primaryimage"},"thumbnailUrl":"https:\/\/runbikeimport.com\/wp-content\/uploads\/EXT-Storia-LOK-V3-shock-01-d555e79.jpg","datePublished":"2021-09-10T05:55:46+00:00","dateModified":"2021-11-15T05:50:28+00:00","breadcrumb":{"@id":"https:\/\/runbikeimport.com\/produit\/amortisseur-ext-storia-lok-v3#breadcrumb"},"inLanguage":"fr-FR","potentialAction":[{"@type":"ReadAction","target":["https:\/\/runbikeimport.com\/produit\/amortisseur-ext-storia-lok-v3"]}]},{"@type":"ImageObject","inLanguage":"fr-FR","@id":"https:\/\/runbikeimport.com\/produit\/amortisseur-ext-storia-lok-v3#primaryimage","url":"https:\/\/runbikeimport.com\/wp-content\/uploads\/EXT-Storia-LOK-V3-shock-01-d555e79.jpg","contentUrl":"https:\/\/runbikeimport.com\/wp-content\/uploads\/EXT-Storia-LOK-V3-shock-01-d555e79.jpg","width":620,"height":413,"caption":"21.11.19. MBUK Windhill. PIC \u00a9 Andy Lloyd www.andylloyd.photography"},{"@type":"BreadcrumbList","@id":"https:\/\/runbikeimport.com\/produit\/amortisseur-ext-storia-lok-v3#breadcrumb","itemListElement":[{"@type":"ListItem","position":1,"name":"Accueil","item":"https:\/\/runbikeimport.com\/"},{"@type":"ListItem","position":2,"name":"Boutique","item":"https:\/\/runbikeimport.com\/?page_id=247"},{"@type":"ListItem","position":3,"name":"Amortisseur EXT STORIA LOK V3"}]},{"@type":"WebSite","@id":"https:\/\/runbikeimport.com\/#website","url":"https:\/\/runbikeimport.com\/","name":"RunbikeImport","description":"Bike &amp; Suspensions","publisher":{"@id":"https:\/\/runbikeimport.com\/#organization"},"potentialAction":[{"@type":"SearchAction","target":{"@type":"EntryPoint","urlTemplate":"https:\/\/runbikeimport.com\/?s={search_term_string}"},"query-input":{"@type":"PropertyValueSpecification","valueRequired":true,"valueName":"search_term_string"}}],"inLanguage":"fr-FR"},{"@type":"Organization","@id":"https:\/\/runbikeimport.com\/#organization","name":"RunBikeiMport","url":"https:\/\/runbikeimport.com\/","logo":{"@type":"ImageObject","inLanguage":"fr-FR","@id":"https:\/\/runbikeimport.com\/#\/schema\/logo\/image\/","url":"https:\/\/runbikeimport.com\/wp-content\/uploads\/LOGO-RBI-RUN-BIKE-IMPORT300.jpg","contentUrl":"https:\/\/runbikeimport.com\/wp-content\/uploads\/LOGO-RBI-RUN-BIKE-IMPORT300.jpg","width":300,"height":131,"caption":"RunBikeiMport"},"image":{"@id":"https:\/\/runbikeimport.com\/#\/schema\/logo\/image\/"},"sameAs":["https:\/\/www.facebook.com\/Runbikeimport\/","https:\/\/www.instagram.com\/runbikeimport\/"]}]}},"_links":{"self":[{"href":"https:\/\/runbikeimport.com\/index.php?rest_route=\/wp\/v2\/product\/907","targetHints":{"allow":["GET"]}}],"collection":[{"href":"https:\/\/runbikeimport.com\/index.php?rest_route=\/wp\/v2\/product"}],"about":[{"href":"https:\/\/runbikeimport.com\/index.php?rest_route=\/wp\/v2\/types\/product"}],"wp:featuredmedia":[{"embeddable":true,"href":"https:\/\/runbikeimport.com\/index.php?rest_route=\/wp\/v2\/media\/915"}],"wp:attachment":[{"href":"https:\/\/runbikeimport.com\/index.php?rest_route=%2Fwp%2Fv2%2Fmedia&parent=907"}],"wp:term":[{"taxonomy":"product_brand","embeddable":true,"href":"https:\/\/runbikeimport.com\/index.php?rest_route=%2Fwp%2Fv2%2Fproduct_brand&post=907"},{"taxonomy":"product_cat","embeddable":true,"href":"https:\/\/runbikeimport.com\/index.php?rest_route=%2Fwp%2Fv2%2Fproduct_cat&post=907"},{"taxonomy":"product_tag","embeddable":true,"href":"https:\/\/runbikeimport.com\/index.php?rest_route=%2Fwp%2Fv2%2Fproduct_tag&post=907"}],"curies":[{"name":"wp","href":"https:\/\/api.w.org\/{rel}","templated":true}]}}