{"id":930,"date":"2021-09-10T06:37:10","date_gmt":"2021-09-10T06:37:10","guid":{"rendered":"https:\/\/runbikeimport.com\/?post_type=product&#038;p=930"},"modified":"2022-09-04T10:02:40","modified_gmt":"2022-09-04T10:02:40","slug":"amortisseur-fast-fenix-2020","status":"publish","type":"product","link":"https:\/\/runbikeimport.com\/?product=amortisseur-fast-fenix-2020","title":{"rendered":"Amortisseur FAST FENIX 2020"},"content":{"rendered":"<p>D\u00e9j\u00e0 dans le\u00a0<strong>top 3 Enduro World series<\/strong>\u00a0!<\/p>\n<p><strong>Comment est n\u00e9 le Fenix ?<\/strong><br \/>\nLe\u00a0<strong>Fenix<\/strong>\u00a0est n\u00e9 de l\u2019id\u00e9e d\u2019avoir un amortisseur aussi performant qu\u2019un amortisseur de descente, tout en int\u00e9grant une fonction mont\u00e9e\/liaison qui reste totalement ind\u00e9pendante des autres r\u00e9glages.<\/p>\n<p><strong>Pourquoi le ressort h\u00e9lico\u00efdal et non l\u2019air ?<\/strong><br \/>\nQuand on parle de performance, notre choix se porte automatiquement sur le ressort h\u00e9lico\u00efdal gr\u00e2ce \u00e0 sa grande sensibilit\u00e9 et sa parfaite lin\u00e9arit\u00e9, ce qui procure une grande sensibilit\u00e9, augmente le grip de la roue arri\u00e8re et donne plus de maintien \u00e0 mi-course.<\/p>\n<p>Les points cl\u00e9s :<\/p>\n<ul>\n<li>100% CNC<\/li>\n<li>Aluminium 7075 T6 et anodisation avec impr\u00e9gnation PTFE pour r\u00e9duire les frictions<\/li>\n<li>Ensemble tige + \u0153illet monobloc = plus de rigidit\u00e9 et de solidit\u00e9<\/li>\n<li>Utilisation d\u2019une membrane pour r\u00e9duire les frottements et la temp\u00e9rature<\/li>\n<li>Joints de tige en viton pour une meilleure tenue \u00e0 la temp\u00e9rature<\/li>\n<li>Piston VDP (Velocity d\u00e9pendant) = meilleur contr\u00f4le de la traction<\/li>\n<li>3 Circuits de compression ind\u00e9pendants BV \u2013 MV \u2013 HV = parfait lissage du terrain<\/li>\n<li>Amortisseur \u00e9volutif : changez de v\u00e9lo mais garder le Fenix<\/li>\n<\/ul>\n<p>En r\u00e9sum\u00e9, le\u00a0<strong>Fenix<\/strong>\u00a0c\u2019est :<br \/>\n+ De grip<br \/>\n+ De contr\u00f4le<br \/>\n+ De s\u00e9curit\u00e9<br \/>\n+ De performances<br \/>\n+ Vite !<\/p>\n<p><iframe loading=\"lazy\" title=\"Amortisseur enduro FENIX\" width=\"1020\" height=\"574\" src=\"https:\/\/www.youtube.com\/embed\/c2qxbvOUnXo?start=9&#038;feature=oembed\" frameborder=\"0\" allow=\"accelerometer; autoplay; clipboard-write; encrypted-media; gyroscope; picture-in-picture; web-share\" referrerpolicy=\"strict-origin-when-cross-origin\" allowfullscreen><\/iframe><\/p>\n","protected":false},"excerpt":{"rendered":"<ul>\n<li>230&#215;57.5 mm M\u00e9trique<\/li>\n<li><strong>Compatible TREK SLASH pour les pilotes d\u00e9sirant passer sur un amortisseur \u00e0 ressort ( Entretoises sp\u00e9cifiques incluses ) .<\/strong><\/li>\n<li>Ressort ICHU INCLU ( super light spring )<\/li>\n<li>Installation OFFERTE et r\u00e9glage par RBI<\/li>\n<li>Levier de blocage violet<\/li>\n<li>r\u00e9glable en compression Basse &amp; Moyenne vitesse \/\/ d\u00e9tente Basse vitesse \/\/ pr\u00e9contrainte<\/li>\n<\/ul>\n","protected":false},"featured_media":936,"template":"","meta":[],"product_brand":[],"product_cat":[30,25],"product_tag":[],"class_list":{"0":"post-930","1":"product","2":"type-product","3":"status-publish","4":"has-post-thumbnail","6":"product_cat-amortisseur","7":"product_cat-en-stock","9":"first","10":"instock","11":"shipping-taxable","12":"purchasable","13":"product-type-simple"},"yoast_head":"<!-- This site is optimized with the Yoast SEO plugin v27.6 - https:\/\/yoast.com\/product\/yoast-seo-wordpress\/ -->\n<title>Amortisseur FAST FENIX 2020 - RunbikeImport<\/title>\n<meta name=\"robots\" content=\"index, follow, max-snippet:-1, max-image-preview:large, max-video-preview:-1\" \/>\n<link rel=\"canonical\" href=\"https:\/\/runbikeimport.com\/produit\/amortisseur-fast-fenix-2020\" \/>\n<meta property=\"og:locale\" content=\"fr_FR\" \/>\n<meta property=\"og:type\" content=\"article\" \/>\n<meta property=\"og:title\" content=\"Amortisseur FAST FENIX 2020 - RunbikeImport\" \/>\n<meta property=\"og:description\" content=\"230x57.5 mm M\u00e9trique  Compatible TREK SLASH pour les pilotes d\u00e9sirant passer sur un amortisseur \u00e0 ressort ( Entretoises sp\u00e9cifiques incluses ) .  Ressort ICHU INCLU ( super light spring )  Installation OFFERTE et r\u00e9glage par RBI  Levier de blocage violet  r\u00e9glable en compression Basse &amp; Moyenne vitesse \/\/ d\u00e9tente Basse vitesse \/\/ pr\u00e9contrainte\" \/>\n<meta property=\"og:url\" content=\"https:\/\/runbikeimport.com\/produit\/amortisseur-fast-fenix-2020\" \/>\n<meta property=\"og:site_name\" content=\"RunbikeImport\" \/>\n<meta property=\"article:publisher\" content=\"https:\/\/www.facebook.com\/Runbikeimport\/\" \/>\n<meta property=\"article:modified_time\" content=\"2022-09-04T10:02:40+00:00\" \/>\n<meta property=\"og:image\" content=\"https:\/\/runbikeimport.com\/wp-content\/uploads\/Fast-Suspension-Fenix-Shock-Review-test-1-1140x760-1.jpg\" \/>\n\t<meta property=\"og:image:width\" content=\"1140\" \/>\n\t<meta property=\"og:image:height\" content=\"760\" \/>\n\t<meta property=\"og:image:type\" content=\"image\/jpeg\" \/>\n<meta name=\"twitter:card\" content=\"summary_large_image\" \/>\n<meta name=\"twitter:label1\" content=\"Dur\u00e9e de lecture estim\u00e9e\" \/>\n\t<meta name=\"twitter:data1\" content=\"1 minute\" \/>\n<script type=\"application\/ld+json\" class=\"yoast-schema-graph\">{\"@context\":\"https:\\\/\\\/schema.org\",\"@graph\":[{\"@type\":\"WebPage\",\"@id\":\"https:\\\/\\\/runbikeimport.com\\\/produit\\\/amortisseur-fast-fenix-2020\",\"url\":\"https:\\\/\\\/runbikeimport.com\\\/produit\\\/amortisseur-fast-fenix-2020\",\"name\":\"Amortisseur FAST FENIX 2020 - RunbikeImport\",\"isPartOf\":{\"@id\":\"https:\\\/\\\/runbikeimport.com\\\/#website\"},\"primaryImageOfPage\":{\"@id\":\"https:\\\/\\\/runbikeimport.com\\\/produit\\\/amortisseur-fast-fenix-2020#primaryimage\"},\"image\":{\"@id\":\"https:\\\/\\\/runbikeimport.com\\\/produit\\\/amortisseur-fast-fenix-2020#primaryimage\"},\"thumbnailUrl\":\"https:\\\/\\\/runbikeimport.com\\\/wp-content\\\/uploads\\\/Fast-Suspension-Fenix-Shock-Review-test-1-1140x760-1.jpg\",\"datePublished\":\"2021-09-10T06:37:10+00:00\",\"dateModified\":\"2022-09-04T10:02:40+00:00\",\"breadcrumb\":{\"@id\":\"https:\\\/\\\/runbikeimport.com\\\/produit\\\/amortisseur-fast-fenix-2020#breadcrumb\"},\"inLanguage\":\"fr-FR\",\"potentialAction\":[{\"@type\":\"ReadAction\",\"target\":[\"https:\\\/\\\/runbikeimport.com\\\/produit\\\/amortisseur-fast-fenix-2020\"]}]},{\"@type\":\"ImageObject\",\"inLanguage\":\"fr-FR\",\"@id\":\"https:\\\/\\\/runbikeimport.com\\\/produit\\\/amortisseur-fast-fenix-2020#primaryimage\",\"url\":\"https:\\\/\\\/runbikeimport.com\\\/wp-content\\\/uploads\\\/Fast-Suspension-Fenix-Shock-Review-test-1-1140x760-1.jpg\",\"contentUrl\":\"https:\\\/\\\/runbikeimport.com\\\/wp-content\\\/uploads\\\/Fast-Suspension-Fenix-Shock-Review-test-1-1140x760-1.jpg\",\"width\":1140,\"height\":760},{\"@type\":\"BreadcrumbList\",\"@id\":\"https:\\\/\\\/runbikeimport.com\\\/produit\\\/amortisseur-fast-fenix-2020#breadcrumb\",\"itemListElement\":[{\"@type\":\"ListItem\",\"position\":1,\"name\":\"Accueil\",\"item\":\"https:\\\/\\\/runbikeimport.com\\\/\"},{\"@type\":\"ListItem\",\"position\":2,\"name\":\"Boutique\",\"item\":\"https:\\\/\\\/runbikeimport.com\\\/?page_id=247\"},{\"@type\":\"ListItem\",\"position\":3,\"name\":\"Amortisseur FAST FENIX 2020\"}]},{\"@type\":\"WebSite\",\"@id\":\"https:\\\/\\\/runbikeimport.com\\\/#website\",\"url\":\"https:\\\/\\\/runbikeimport.com\\\/\",\"name\":\"RunbikeImport\",\"description\":\"Bike &amp; Suspensions\",\"publisher\":{\"@id\":\"https:\\\/\\\/runbikeimport.com\\\/#organization\"},\"potentialAction\":[{\"@type\":\"SearchAction\",\"target\":{\"@type\":\"EntryPoint\",\"urlTemplate\":\"https:\\\/\\\/runbikeimport.com\\\/?s={search_term_string}\"},\"query-input\":{\"@type\":\"PropertyValueSpecification\",\"valueRequired\":true,\"valueName\":\"search_term_string\"}}],\"inLanguage\":\"fr-FR\"},{\"@type\":\"Organization\",\"@id\":\"https:\\\/\\\/runbikeimport.com\\\/#organization\",\"name\":\"RunBikeiMport\",\"url\":\"https:\\\/\\\/runbikeimport.com\\\/\",\"logo\":{\"@type\":\"ImageObject\",\"inLanguage\":\"fr-FR\",\"@id\":\"https:\\\/\\\/runbikeimport.com\\\/#\\\/schema\\\/logo\\\/image\\\/\",\"url\":\"https:\\\/\\\/runbikeimport.com\\\/wp-content\\\/uploads\\\/LOGO-RBI-RUN-BIKE-IMPORT300.jpg\",\"contentUrl\":\"https:\\\/\\\/runbikeimport.com\\\/wp-content\\\/uploads\\\/LOGO-RBI-RUN-BIKE-IMPORT300.jpg\",\"width\":300,\"height\":131,\"caption\":\"RunBikeiMport\"},\"image\":{\"@id\":\"https:\\\/\\\/runbikeimport.com\\\/#\\\/schema\\\/logo\\\/image\\\/\"},\"sameAs\":[\"https:\\\/\\\/www.facebook.com\\\/Runbikeimport\\\/\",\"https:\\\/\\\/www.instagram.com\\\/runbikeimport\\\/\"]}]}<\/script>\n<!-- \/ Yoast SEO plugin. -->","yoast_head_json":{"title":"Amortisseur FAST FENIX 2020 - RunbikeImport","robots":{"index":"index","follow":"follow","max-snippet":"max-snippet:-1","max-image-preview":"max-image-preview:large","max-video-preview":"max-video-preview:-1"},"canonical":"https:\/\/runbikeimport.com\/produit\/amortisseur-fast-fenix-2020","og_locale":"fr_FR","og_type":"article","og_title":"Amortisseur FAST FENIX 2020 - RunbikeImport","og_description":"230x57.5 mm M\u00e9trique  Compatible TREK SLASH pour les pilotes d\u00e9sirant passer sur un amortisseur \u00e0 ressort ( Entretoises sp\u00e9cifiques incluses ) .  Ressort ICHU INCLU ( super light spring )  Installation OFFERTE et r\u00e9glage par RBI  Levier de blocage violet  r\u00e9glable en compression Basse &amp; Moyenne vitesse \/\/ d\u00e9tente Basse vitesse \/\/ pr\u00e9contrainte","og_url":"https:\/\/runbikeimport.com\/produit\/amortisseur-fast-fenix-2020","og_site_name":"RunbikeImport","article_publisher":"https:\/\/www.facebook.com\/Runbikeimport\/","article_modified_time":"2022-09-04T10:02:40+00:00","og_image":[{"width":1140,"height":760,"url":"https:\/\/runbikeimport.com\/wp-content\/uploads\/Fast-Suspension-Fenix-Shock-Review-test-1-1140x760-1.jpg","type":"image\/jpeg"}],"twitter_card":"summary_large_image","twitter_misc":{"Dur\u00e9e de lecture estim\u00e9e":"1 minute"},"schema":{"@context":"https:\/\/schema.org","@graph":[{"@type":"WebPage","@id":"https:\/\/runbikeimport.com\/produit\/amortisseur-fast-fenix-2020","url":"https:\/\/runbikeimport.com\/produit\/amortisseur-fast-fenix-2020","name":"Amortisseur FAST FENIX 2020 - RunbikeImport","isPartOf":{"@id":"https:\/\/runbikeimport.com\/#website"},"primaryImageOfPage":{"@id":"https:\/\/runbikeimport.com\/produit\/amortisseur-fast-fenix-2020#primaryimage"},"image":{"@id":"https:\/\/runbikeimport.com\/produit\/amortisseur-fast-fenix-2020#primaryimage"},"thumbnailUrl":"https:\/\/runbikeimport.com\/wp-content\/uploads\/Fast-Suspension-Fenix-Shock-Review-test-1-1140x760-1.jpg","datePublished":"2021-09-10T06:37:10+00:00","dateModified":"2022-09-04T10:02:40+00:00","breadcrumb":{"@id":"https:\/\/runbikeimport.com\/produit\/amortisseur-fast-fenix-2020#breadcrumb"},"inLanguage":"fr-FR","potentialAction":[{"@type":"ReadAction","target":["https:\/\/runbikeimport.com\/produit\/amortisseur-fast-fenix-2020"]}]},{"@type":"ImageObject","inLanguage":"fr-FR","@id":"https:\/\/runbikeimport.com\/produit\/amortisseur-fast-fenix-2020#primaryimage","url":"https:\/\/runbikeimport.com\/wp-content\/uploads\/Fast-Suspension-Fenix-Shock-Review-test-1-1140x760-1.jpg","contentUrl":"https:\/\/runbikeimport.com\/wp-content\/uploads\/Fast-Suspension-Fenix-Shock-Review-test-1-1140x760-1.jpg","width":1140,"height":760},{"@type":"BreadcrumbList","@id":"https:\/\/runbikeimport.com\/produit\/amortisseur-fast-fenix-2020#breadcrumb","itemListElement":[{"@type":"ListItem","position":1,"name":"Accueil","item":"https:\/\/runbikeimport.com\/"},{"@type":"ListItem","position":2,"name":"Boutique","item":"https:\/\/runbikeimport.com\/?page_id=247"},{"@type":"ListItem","position":3,"name":"Amortisseur FAST FENIX 2020"}]},{"@type":"WebSite","@id":"https:\/\/runbikeimport.com\/#website","url":"https:\/\/runbikeimport.com\/","name":"RunbikeImport","description":"Bike &amp; Suspensions","publisher":{"@id":"https:\/\/runbikeimport.com\/#organization"},"potentialAction":[{"@type":"SearchAction","target":{"@type":"EntryPoint","urlTemplate":"https:\/\/runbikeimport.com\/?s={search_term_string}"},"query-input":{"@type":"PropertyValueSpecification","valueRequired":true,"valueName":"search_term_string"}}],"inLanguage":"fr-FR"},{"@type":"Organization","@id":"https:\/\/runbikeimport.com\/#organization","name":"RunBikeiMport","url":"https:\/\/runbikeimport.com\/","logo":{"@type":"ImageObject","inLanguage":"fr-FR","@id":"https:\/\/runbikeimport.com\/#\/schema\/logo\/image\/","url":"https:\/\/runbikeimport.com\/wp-content\/uploads\/LOGO-RBI-RUN-BIKE-IMPORT300.jpg","contentUrl":"https:\/\/runbikeimport.com\/wp-content\/uploads\/LOGO-RBI-RUN-BIKE-IMPORT300.jpg","width":300,"height":131,"caption":"RunBikeiMport"},"image":{"@id":"https:\/\/runbikeimport.com\/#\/schema\/logo\/image\/"},"sameAs":["https:\/\/www.facebook.com\/Runbikeimport\/","https:\/\/www.instagram.com\/runbikeimport\/"]}]}},"_links":{"self":[{"href":"https:\/\/runbikeimport.com\/index.php?rest_route=\/wp\/v2\/product\/930","targetHints":{"allow":["GET"]}}],"collection":[{"href":"https:\/\/runbikeimport.com\/index.php?rest_route=\/wp\/v2\/product"}],"about":[{"href":"https:\/\/runbikeimport.com\/index.php?rest_route=\/wp\/v2\/types\/product"}],"wp:featuredmedia":[{"embeddable":true,"href":"https:\/\/runbikeimport.com\/index.php?rest_route=\/wp\/v2\/media\/936"}],"wp:attachment":[{"href":"https:\/\/runbikeimport.com\/index.php?rest_route=%2Fwp%2Fv2%2Fmedia&parent=930"}],"wp:term":[{"taxonomy":"product_brand","embeddable":true,"href":"https:\/\/runbikeimport.com\/index.php?rest_route=%2Fwp%2Fv2%2Fproduct_brand&post=930"},{"taxonomy":"product_cat","embeddable":true,"href":"https:\/\/runbikeimport.com\/index.php?rest_route=%2Fwp%2Fv2%2Fproduct_cat&post=930"},{"taxonomy":"product_tag","embeddable":true,"href":"https:\/\/runbikeimport.com\/index.php?rest_route=%2Fwp%2Fv2%2Fproduct_tag&post=930"}],"curies":[{"name":"wp","href":"https:\/\/api.w.org\/{rel}","templated":true}]}}